ghest common divisor of k and 9.
3
Suppose -3160 = 10*w + 3770. Let i = w - -1161. Calculate the greatest common factor of 52 and i.
52
Let t(b) = -b**3 - 34*b**2 - 17*b + 92. Let u be t(-34). Let z = -490 + u. Calculate the greatest common divisor of z and 45.
45
Suppose 5*p + 5*t - 1720 = 0, 3*t = 2*t + 5. What is the highest common divisor of 9 and p?
3
Let d be (-39)/26*(-4)/(1 + 1). Suppose -4 + d = r. Let o be 2044/49 - 2*r/7. Calculate the greatest common divisor of 28 and o.
14
Let r be (11/3 + -3)/(4/(-48)). Let f be (6*(-6)/16)/(6/r). Let n(a) = a**3 + a + 39. Let d be n(0). Calculate the highest common divisor of d and f.
3
Let n be 20 + -20 + 1321/4 + (-6)/24. What is the highest common factor of n and 114?
6
Let k = -12404 - -12422. Calculate the greatest common factor of 810 and k.
18
Let g(n) = 223*n + 1. Let i be g(1). Let t be 16/64 + (-14)/(-8). Suppose 0 = t*h - h - 28. Calculate the greatest common divisor of h and i.
28
Suppose 2*k - 7308 = -2*f - 2*f, -3*k + 4*f + 11012 = 0. Calculate the greatest common factor of 32 and k.
16
Let n(m) = -2*m**3 + 32*m**2 - 60*m + 20. Let k be n(11). Calculate the highest common divisor of 304 and k.
38
Let s(a) = a + 42. Let h be s(-12). Suppose -h*x = -36*x + 924. Calculate the highest common factor of 22 and x.
22
Let b be ((-1 - -3) + 112/5)*5. Let n = 202 - b. Calculate the highest common divisor of 40 and n.
40
Let z be 33418/2821 - (-4)/26. Calculate the highest common factor of 5136 and z.
12
Let r = -6394 - -6475. Calculate the greatest common factor of 18 and r.
9
Let t(i) = i**2 - 8*i + 15. Let q be t(6). Let g be (-30)/(-105) + 564/(-14). Let z = -16 - g. What is the greatest common factor of z and q?
3
Let c be 14/2 + -53 + 274. Suppose 2*d + 4*m + c = 5*d, 0 = 4*m. What is the highest common divisor of d and 12?
4
Let r(p) = -8*p - 29. Let f be r(-12). Suppose 3267 = 28*c - 2361. What is the highest common divisor of c and f?
67
Suppose -b = -4, -3*s = -8*s + 5*b + 275. Let f = -17 + s. Suppose 0 = -5*l + 49 + 21. Calculate the highest common factor of f and l.
14
Suppose 2*g + 5*p = 523, p - 3 = -0. Let l = -78 + g. Let i(o) = 18*o - 176. Let q be i(11). What is the greatest common factor of q and l?
22
Let d = -4811 - -5214. What is the greatest common factor of 117 and d?
13
Suppose 70*k - 24 = 67*k. Suppose 0 = -k*a - 7*a + 3750. What is the highest common factor of a and 20?
10
Let p = 149 - 103. Let u = -821182 - -821481. Calculate the greatest common factor of u and p.
23
Let p = -18652 + 19736. Calculate the highest common factor of 44 and p.
4
Let r(k) = -k**2 + 3*k + 2. Let h(x) = x**3 + 7*x**2 + x + 6. Let b be h(-7). Let m be r(b). Let p = m + 42. Calculate the highest common divisor of 10 and p.
10
Suppose -14*q + 81867 + 82983 = 0. Calculate the greatest common factor of 225 and q.
75
Suppose 2*f = 4*w - 7*w + 144, 0 = f - w - 57. Calculate the greatest common divisor of f and 21819.
21
Let d be (-2)/(-1) + 0 + -1. Let y(s) = 7*s - 1. Let a be y(d). Calculate the greatest common factor of a and 1.
1
Let u = 40 - 27. Suppose 0 = 4*p + 4*s - 9*s + u, p = -2*s. Let h = 119 + p. What is the highest common factor of 13 and h?
13
Let h = 1665 - 673. Let g be 9858/(-424)*(0 - (-8)/(-6)). Calculate the highest common factor of h and g.
31
Suppose 4*q + t = 265, 0*t + 5*t = -15. Suppose -3*o + 4*u + 1797 = 0, o - 140*u = -145*u + 618. Calculate the highest common factor of o and q.
67
Let v = -853 - -7456. What is the highest common factor of 426 and v?
213
Let w = 0 + 40. Let p(k) = k**3 - 14*k**2 + 36*k - 27. Let d be p(11). Calculate the highest common divisor of d and w.
2
Let g(x) = -1338*x - 7. Let v be g(-2). Let q = v - 1864. Suppose -q = -20*i + 15*i. What is the greatest common factor of 7 and i?
7
Let k(q) = -1. Let d(l) = -3*l - 19. Let i(z) = 3*d(z) - 12*k(z). Let f be i(-17). What is the highest common divisor of 189 and f?
27
Let a = 8767 - 8399. Calculate the greatest common factor of a and 828.
92
Let b be ((-7)/(49/(-21)))/(21/3500). Calculate the highest common divisor of 5125 and b.
125
Let c be 548 - ((-195)/(-15) + -17). What is the highest common factor of c and 4554?
138
Suppose 2*t + o - 145 = 0, -2*o = 5*t + 2*o - 355. Suppose 15*z = -15*b + 12*b - 45, 4*z = -3*b + 98. What is the greatest common divisor of b and t?
25
Let a be -4 - (5 - 14) - (-27 - 6). What is the highest common divisor of a and 9576?
38
Let p = -341 - -497. Suppose -8*y = -9755 + 2131. Let d = -941 + y. What is the greatest common factor of d and p?
12
Let l(t) = t**3 + 7*t**2 + 6*t + 10. Let r be l(-5). Suppose -6*j = -8*j + 16. Suppose -17 - 583 = -j*x. Calculate the highest common divisor of r and x.
15
Suppose 3188*u - 3045*u = 14300. Suppose 0 = -4*t + 2230 - 230. Calculate the highest common factor of t and u.
100
Suppose -6*k + 21 = -3. Let y = -42 + -18. Let i = 88 + y. What is the greatest common factor of i and k?
4
Let z(g) be the third derivative of -g**6/60 - 4*g**5/15 + 23*g**4/24 + 13*g**3/2 - g**2 + 4. Let v be z(-12). Calculate the greatest common factor of v and 15.
15
Let f = -646 + 649. Let b(s) = 4*s**2. Let q be b(f). Calculate the highest common divisor of 270 and q.
18
Suppose 1186 - 1138 = 2*t. Suppose -2*o = -5*o + 9. Suppose o + 27 = 5*w. What is the greatest common divisor of w and t?
6
Let v be 517/44 + 6/(-8). Suppose 124 = v*t - 63. Suppose c + t = 29. What is the greatest common factor of c and 60?
12
Suppose -847 = -b - 5*c, 2*b - 3298 = -2*b - 5*c. Calculate the greatest common divisor of 133 and b.
19
Let a(i) be the second derivative of -17/12*i**4 - 16*i + 0 + 33/2*i**2 - 7/3*i**3 + 1/20*i**5. Let d be a(18). What is the greatest common divisor of d and 15?
15
Let p be 1 + 4*4/4. Suppose 0 = -3*u - 9, 3*q - p*u - 6 = 21. Suppose -4*k = w - 72, -5*w - q*k = -k - 292. What is the highest common divisor of 8 and w?
8
Let p = -27271 - -27560. Let k(n) = n**2 - 3*n - 1. Let w be k(6). What is the highest common divisor of w and p?
17
Let y = 120 - 70. Let j be (203 + -2 - 2) + 0 + 1. Suppose 2 = -u, -33 - j = -3*v + 4*u. What is the highest common factor of v and y?
25
Let d(l) = -234*l - 3703. Let v be d(-16). Calculate the greatest common factor of v and 1271.
41
Suppose 2*h + 1986*d - 1987*d = 85, 0 = 4*h - d - 165. Calculate the greatest common factor of 810 and h.
10
Suppose -4*c = 2*i - 4*i + 54, -117 = -5*i + 4*c. Let l = -905 + 1115. Suppose -23*z = -38*z + l. Calculate the highest common divisor of z and i.
7
Let a(s) = -s**3 - 6*s**2 - 14*s - 26. Let r be a(-8). Let b = r - 98. What is the highest common divisor of b and 145?
29
Let z(c) = -2*c - 1. Let j be z(1). Let m be j + -2 - (-32)/8. Let p be m + (25/(-5) - -86). Calculate the highest common divisor of 16 and p.
16
Let l(p) = -p**3 - 13*p**2 + 30*p + 27. Let a = -12 - 3. Let j be l(a). What is the highest common factor of j and 81?
27
Let k(s) = 2*s**3 - 50*s**2 - 8*s - 109. Let m be k(26). What is the highest common divisor of m and 460?
115
Let c(a) = -30*a - 121. Let z be c(-4). Let g be (14 + z/1)*(-8 - -35). What is the highest common factor of 26 and g?
13
Let q be (-164)/(-6) + (-52)/12 + 4. Let v = 34 - 3. Suppose 0 = -5*x + 4*i + 53, 2*i - 10 = -5*x + v. Calculate the highest common factor of x and q.
9
Let q = 734 - -295. Suppose -33 = -3*d, 200 = -5*t + 3*d + 272. Calculate the highest common factor of q and t.
21
Suppose 0*a + 21*a - 2184 = 0. Let y = a - 92. What is the highest common divisor of y and 102?
6
Suppose -28 = 2*w - 68. Let g = w - -71. Let h = -13 - -26. What is the highest common divisor of h and g?
13
Let t(d) = 5*d + 26. Let f be t(0). Let h = 122 - f. Let r = -72 + h. What is the highest common factor of 6 and r?
6
Suppose 5*u - 6*u = -2*i - 22, -u + 5*i = -13. Suppose -3*s - 25*r + 852 = -u*r, -4*s + 1104 = 4*r. What is the highest common divisor of s and 35?
35
Suppose 6*w + 3*w + 189 = 0. Let t = -17 - w. Suppose 4*k + l - 116 = -l, -t*k + 3*l = -96. Calculate the greatest common divisor of 36 and k.
9
Suppose 5*r - 133693 = 210*x - 211*x, 3*x = 4*r - 106943. What is the highest common divisor of 116 and r?
58
Let g(y) = -y**3 + 57*y**2 + 125*y - 339. Let f be g(59). Calculate the greatest common divisor of 370 and f.
74
Let f = 23365 + -2